{"id":64,"date":"2024-02-29T15:07:59","date_gmt":"2024-02-29T14:07:59","guid":{"rendered":"https:\/\/al-com.fr\/?page_id=64"},"modified":"2024-04-29T10:06:21","modified_gmt":"2024-04-29T08:06:21","slug":"contact","status":"publish","type":"page","link":"https:\/\/al-com.fr\/index.php\/contact\/","title":{"rendered":"Contact"},"content":{"rendered":"\n<div class=\"wp-block-group alignfull has-base-2-color has-accent-2-background-color has-text-color has-background has-link-color wp-elements-bb506fe0c5234008da97ece142d4bb36 is-vertical is-content-justification-center is-layout-flex wp-container-core-group-is-layout-c0285b11 wp-block-group-is-layout-flex\" style=\"min-height:38vh;margin-top:0;margin-bottom:0;padding-top:var(--wp--preset--spacing--20);padding-right:var(--wp--preset--spacing--50);padding-bottom:var(--wp--preset--spacing--20);padding-left:var(--wp--preset--spacing--50)\">\n<div class=\"wp-block-group has-base-2-color has-text-color has-link-color wp-elements-1e65381f6a1f6c9773c08a63611fbb79 has-global-padding is-layout-constrained wp-block-group-is-layout-constrained\">\n<figure class=\"wp-block-image aligncenter size-full is-resized is-style-default wp-duotone-unset-1\"><img decoding=\"async\" src=\"https:\/\/al-com.fr\/wp-content\/themes\/twentytwentyfour\/assets\/images\/icon-message.webp\" alt=\"\" style=\"object-fit:cover;width:45px;height:49px\"\/><\/figure>\n\n\n\n<div style=\"height:var(--wp--preset--spacing--10)\" aria-hidden=\"true\" class=\"wp-block-spacer\"><\/div>\n\n\n\n<h2 class=\"wp-block-heading has-text-align-center has-contrast-color has-text-color has-link-color has-x-large-font-size wp-elements-8e2b160f393544a17a8ccb848f797531\" style=\"margin-right:0;margin-left:0;padding-right:0;padding-left:0\">Vous voulez discuter d&rsquo;un projet li\u00e9 \u00e0 votre communication ? N&rsquo;h\u00e9sitez pas \u00e0 m&rsquo;\u00e9crire !<\/h2>\n\n\n\n<h2 class=\"wp-block-heading has-text-align-center has-contrast-color has-text-color has-link-color has-x-large-font-size wp-elements-4fcd3c6fe9f8ab24678d0e76170b6a48\" style=\"margin-right:0;margin-left:0;padding-right:0;padding-left:0\">aude.lhoyer@al-com.fr<\/h2>\n\n\n\n<figure class=\"wp-block-image aligncenter size-large is-resized\"><a href=\"https:\/\/www.linkedin.com\/in\/audelhoyer\/\" target=\"_blank\" rel=\"noreferrer noopener\"><img loading=\"lazy\" decoding=\"async\" width=\"1024\" height=\"1024\" src=\"https:\/\/al-com.fr\/wp-content\/uploads\/2024\/02\/logo-linkedin-rond-1024x1024.webp\" alt=\"\" class=\"wp-image-102\" style=\"width:auto;height:70px\" srcset=\"https:\/\/al-com.fr\/wp-content\/uploads\/2024\/02\/logo-linkedin-rond-1024x1024.webp 1024w, https:\/\/al-com.fr\/wp-content\/uploads\/2024\/02\/logo-linkedin-rond-300x300.webp 300w, https:\/\/al-com.fr\/wp-content\/uploads\/2024\/02\/logo-linkedin-rond-150x150.webp 150w, https:\/\/al-com.fr\/wp-content\/uploads\/2024\/02\/logo-linkedin-rond-768x768.webp 768w, https:\/\/al-com.fr\/wp-content\/uploads\/2024\/02\/logo-linkedin-rond-1536x1536.webp 1536w, https:\/\/al-com.fr\/wp-content\/uploads\/2024\/02\/logo-linkedin-rond.webp 1600w\" sizes=\"auto, (max-width: 1024px) 100vw, 1024px\" \/><\/a><\/figure>\n<\/div>\n<\/div>\n\n\n\n<div class=\"wp-block-group alignwide has-global-padding is-layout-constrained wp-block-group-is-layout-constrained\">\n<div class=\"wp-block-group alignwide is-layout-flow wp-block-group-is-layout-flow\" style=\"padding-top:var(--wp--preset--spacing--20);padding-bottom:var(--wp--preset--spacing--20)\">\n<figure class=\"wp-block-image size-full is-resized\"><img decoding=\"async\" src=\"https:\/\/al-com.fr\/wp-content\/themes\/twentytwentyfour\/assets\/images\/icon-message.webp\" alt=\"\" style=\"width:40px;height:auto\"\/><\/figure>\n\n\n\n<hr class=\"wp-block-separator has-alpha-channel-opacity is-style-wide\"\/>\n\n\n\n<div class=\"wp-block-columns is-layout-flex wp-container-core-columns-is-layout-633352e7 wp-block-columns-is-layout-flex\" style=\"padding-top:var(--wp--preset--spacing--10)\">\n<div class=\"wp-block-column is-layout-flow wp-block-column-is-layout-flow\" style=\"flex-basis:57%\">\n<h2 class=\"wp-block-heading has-x-large-font-size\">Restons en contact.<\/h2>\n<\/div>\n\n\n\n<div class=\"wp-block-column is-layout-flow wp-block-column-is-layout-flow\" style=\"flex-basis:30%\">\n<div class=\"wp-block-group is-vertical is-layout-flex wp-container-core-group-is-layout-ea0cb840 wp-block-group-is-layout-flex\">\n<h3 class=\"wp-block-heading has-body-font-family has-medium-font-size\">Contact<\/h3>\n\n\n\n<p><a href=\"#\">aude.lhoyer@al-com.fr<\/a><\/p>\n<\/div>\n<\/div>\n\n\n\n<div class=\"wp-block-column is-layout-flow wp-block-column-is-layout-flow\" style=\"flex-basis:30%\">\n<div class=\"wp-block-columns is-not-stacked-on-mobile is-layout-flex wp-container-core-columns-is-layout-28f84493 wp-block-columns-is-layout-flex\">\n<div class=\"wp-block-column is-layout-flow wp-block-column-is-layout-flow\">\n<div class=\"wp-block-group is-vertical is-layout-flex wp-container-core-group-is-layout-ea0cb840 wp-block-group-is-layout-flex\">\n<h3 class=\"wp-block-heading has-body-font-family has-medium-font-size\">Suivre<\/h3>\n\n\n\n<p><a href=\"https:\/\/www.linkedin.com\/in\/audelhoyer\/\" target=\"_blank\" rel=\"noreferrer noopener\">Linkedin<\/a> <\/p>\n<\/div>\n<\/div>\n<\/div>\n<\/div>\n<\/div>\n\n\n\n<div style=\"height:var(--wp--preset--spacing--50)\" aria-hidden=\"true\" class=\"wp-block-spacer\"><\/div>\n\n\n\n<div class=\"wp-block-group is-content-justification-space-between is-layout-flex wp-container-core-group-is-layout-e5edad21 wp-block-group-is-layout-flex\">\n<div class=\"wp-block-group is-layout-flex wp-container-core-group-is-layout-fe1ad1e6 wp-block-group-is-layout-flex\">\n<p class=\"has-small-font-size\">\u00a9<\/p>\n\n\n<p style=\"font-style:normal;font-weight:400;\" class=\"wp-block-site-title has-small-font-size\"><a href=\"https:\/\/al-com.fr\" target=\"_self\" rel=\"home\">AL Com<\/a><\/p><\/div>\n\n\n\n<p class=\"has-small-font-size\"><\/p>\n<\/div>\n<\/div>\n<\/div>\n","protected":false},"excerpt":{"rendered":"<p>Vous voulez discuter d&rsquo;un projet li\u00e9 \u00e0 votre communication ? N&rsquo;h\u00e9sitez pas \u00e0 m&rsquo;\u00e9crire ! aude.lhoyer@al-com.fr Restons en contact. Contact aude.lhoyer@al-com.fr Suivre Linkedin \u00a9<\/p>\n","protected":false},"author":1,"featured_media":0,"parent":0,"menu_order":0,"comment_status":"closed","ping_status":"closed","template":"","meta":{"footnotes":""},"class_list":["post-64","page","type-page","status-publish","hentry"],"_links":{"self":[{"href":"https:\/\/al-com.fr\/index.php\/wp-json\/wp\/v2\/pages\/64","targetHints":{"allow":["GET"]}}],"collection":[{"href":"https:\/\/al-com.fr\/index.php\/wp-json\/wp\/v2\/pages"}],"about":[{"href":"https:\/\/al-com.fr\/index.php\/wp-json\/wp\/v2\/types\/page"}],"author":[{"embeddable":true,"href":"https:\/\/al-com.fr\/index.php\/wp-json\/wp\/v2\/users\/1"}],"replies":[{"embeddable":true,"href":"https:\/\/al-com.fr\/index.php\/wp-json\/wp\/v2\/comments?post=64"}],"version-history":[{"count":7,"href":"https:\/\/al-com.fr\/index.php\/wp-json\/wp\/v2\/pages\/64\/revisions"}],"predecessor-version":[{"id":243,"href":"https:\/\/al-com.fr\/index.php\/wp-json\/wp\/v2\/pages\/64\/revisions\/243"}],"wp:attachment":[{"href":"https:\/\/al-com.fr\/index.php\/wp-json\/wp\/v2\/media?parent=64"}],"curies":[{"name":"wp","href":"https:\/\/api.w.org\/{rel}","templated":true}]}}