{"id":31,"date":"2024-02-29T14:29:15","date_gmt":"2024-02-29T13:29:15","guid":{"rendered":"https:\/\/al-com.fr\/?page_id=31"},"modified":"2024-09-12T16:31:30","modified_gmt":"2024-09-12T14:31:30","slug":"quel-accompagnement","status":"publish","type":"page","link":"https:\/\/al-com.fr\/index.php\/quel-accompagnement\/","title":{"rendered":"Communication corporate, quel accompagnement ?"},"content":{"rendered":"\n<div class=\"wp-block-group alignfull has-base-background-color has-background is-layout-flow wp-block-group-is-layout-flow\" style=\"border-style:none;border-width:0px;margin-top:0;margin-bottom:0;padding-top:var(--wp--preset--spacing--40);padding-right:var(--wp--preset--spacing--40);padding-bottom:var(--wp--preset--spacing--40);padding-left:var(--wp--preset--spacing--40)\">\n<div class=\"wp-block-group is-layout-flow wp-block-group-is-layout-flow\" style=\"padding-right:var(--wp--preset--spacing--30);padding-left:var(--wp--preset--spacing--30)\">\n<p class=\"has-text-align-center has-contrast-color has-text-color has-heading-font-family has-x-large-font-size\" style=\"line-height:1.2\">Nous vous accompagnons sur tout les aspects de votre communication corporate : du diagnostic au brand content, en passant par votre storytelling et la production des contenus.\u00a0<\/p>\n<\/div>\n<\/div>\n\n\n\n<div class=\"wp-block-group alignfull has-base-2-background-color has-background is-layout-flow wp-block-group-is-layout-flow\" style=\"margin-top:0;margin-bottom:0;padding-top:var(--wp--preset--spacing--30);padding-right:var(--wp--preset--spacing--10);padding-bottom:var(--wp--preset--spacing--30);padding-left:var(--wp--preset--spacing--10)\">\n<div class=\"wp-block-group alignwide has-global-padding is-layout-constrained wp-container-core-group-is-layout-19e250f3 wp-block-group-is-layout-constrained\">\n<div class=\"wp-block-columns alignwide is-layout-flex wp-container-core-columns-is-layout-36973c26 wp-block-columns-is-layout-flex\" style=\"padding-top:var(--wp--preset--spacing--10);padding-bottom:var(--wp--preset--spacing--10)\">\n<div class=\"wp-block-column is-vertically-aligned-center is-layout-flow wp-block-column-is-layout-flow\" style=\"flex-basis:80%\">\n<h3 class=\"wp-block-heading is-style-default\">Diagnostic de marque <\/h3>\n\n\n\n<p>O\u00f9 en est votre marque ? Comment est-elle per\u00e7ue par vos cibles ? Comment sont communiquent vos concurrents ? Quel est l&rsquo;impact des contenus que vous produisez ?<br>Autant de questions auxquelles il est imp\u00e9ratif de r\u00e9pondre avant de se lancer<\/p>\n\n\n\n<ul style=\"line-height:1.75\" class=\"wp-block-list is-style-checkmark-list\">\n<li>Audit de votre marque et de votre communication<\/li>\n\n\n\n<li>Benchmark de la concurrence<\/li>\n\n\n\n<li>Identification des forces et pain points actuels\u00a0<\/li>\n<\/ul>\n<\/div>\n\n\n\n<div class=\"wp-block-column is-vertically-aligned-center is-layout-flow wp-block-column-is-layout-flow\" style=\"flex-basis:50%\">\n<figure class=\"wp-block-image size-large is-resized is-style-default\"><img loading=\"lazy\" decoding=\"async\" width=\"1024\" height=\"683\" src=\"https:\/\/al-com.fr\/wp-content\/uploads\/2024\/04\/priscilla-du-preez-tAnrp8P51tY-unsplash-1024x683.jpg\" alt=\"\" class=\"wp-image-231\" style=\"width:385px;height:auto\" srcset=\"https:\/\/al-com.fr\/wp-content\/uploads\/2024\/04\/priscilla-du-preez-tAnrp8P51tY-unsplash-1024x683.jpg 1024w, https:\/\/al-com.fr\/wp-content\/uploads\/2024\/04\/priscilla-du-preez-tAnrp8P51tY-unsplash-300x200.jpg 300w, https:\/\/al-com.fr\/wp-content\/uploads\/2024\/04\/priscilla-du-preez-tAnrp8P51tY-unsplash-768x512.jpg 768w, https:\/\/al-com.fr\/wp-content\/uploads\/2024\/04\/priscilla-du-preez-tAnrp8P51tY-unsplash-1536x1024.jpg 1536w, https:\/\/al-com.fr\/wp-content\/uploads\/2024\/04\/priscilla-du-preez-tAnrp8P51tY-unsplash-2048x1365.jpg 2048w\" sizes=\"auto, (max-width: 1024px) 100vw, 1024px\" \/><\/figure>\n<\/div>\n<\/div>\n\n\n\n<div class=\"wp-block-columns alignwide is-layout-flex wp-container-core-columns-is-layout-280f9f69 wp-block-columns-is-layout-flex\" style=\"padding-top:var(--wp--preset--spacing--20);padding-bottom:var(--wp--preset--spacing--20)\">\n<div class=\"wp-block-column is-vertically-aligned-center is-layout-flow wp-block-column-is-layout-flow\" style=\"flex-basis:50%\">\n<figure class=\"wp-block-image aligncenter size-full is-resized is-style-default\"><img loading=\"lazy\" decoding=\"async\" width=\"2560\" height=\"1707\" src=\"https:\/\/al-com.fr\/wp-content\/uploads\/2024\/05\/brooke-cagle-g1Kr4Ozfoac-unsplash-scaled.jpg\" alt=\"\" class=\"wp-image-255\" style=\"width:385px\" srcset=\"https:\/\/al-com.fr\/wp-content\/uploads\/2024\/05\/brooke-cagle-g1Kr4Ozfoac-unsplash-scaled.jpg 2560w, https:\/\/al-com.fr\/wp-content\/uploads\/2024\/05\/brooke-cagle-g1Kr4Ozfoac-unsplash-300x200.jpg 300w, https:\/\/al-com.fr\/wp-content\/uploads\/2024\/05\/brooke-cagle-g1Kr4Ozfoac-unsplash-1024x683.jpg 1024w, https:\/\/al-com.fr\/wp-content\/uploads\/2024\/05\/brooke-cagle-g1Kr4Ozfoac-unsplash-768x512.jpg 768w, https:\/\/al-com.fr\/wp-content\/uploads\/2024\/05\/brooke-cagle-g1Kr4Ozfoac-unsplash-1536x1024.jpg 1536w, https:\/\/al-com.fr\/wp-content\/uploads\/2024\/05\/brooke-cagle-g1Kr4Ozfoac-unsplash-2048x1365.jpg 2048w\" sizes=\"auto, (max-width: 2560px) 100vw, 2560px\" \/><\/figure>\n<\/div>\n\n\n\n<div class=\"wp-block-column is-vertically-aligned-center is-layout-flow wp-block-column-is-layout-flow\" style=\"flex-basis:80%\">\n<h3 class=\"wp-block-heading is-style-default\">Strat\u00e9gie de contenus<\/h3>\n\n\n\n<p>Le brand content c&rsquo;est le v\u00e9hicule pour diffuser votre histoire, pour transmettre vos valeurs et votre vision \u00e0 toutes vos cibles en cr\u00e9ant un lien \u00e9motionnel avec eux. <\/p>\n\n\n\n<ul style=\"margin-right:0;margin-left:0;padding-top:0;padding-bottom:0;line-height:1.75\" class=\"wp-block-list is-style-checkmark-list\">\n<li>Storytelling<\/li>\n\n\n\n<li>Production de contenus aux formats (textes, photos, vid\u00e9os &#8230;) et genres (interview, t\u00e9moignage, manifeste &#8230;) adapt\u00e9s \u00e0 l&rsquo;objectif et aux supports <\/li>\n\n\n\n<li>Ecriture \/ r\u00e9\u00e9criture des pr\u00e9sentations corporate de votre entreprise<\/li>\n<\/ul>\n<\/div>\n<\/div>\n<\/div>\n<\/div>\n\n\n\n<div class=\"wp-block-group alignfull has-base-color has-base-2-background-color has-text-color has-background has-link-color wp-elements-2303969dd9f1d198baf3bfa1d52a5a2c has-global-padding is-layout-constrained wp-container-core-group-is-layout-cb151cc7 wp-block-group-is-layout-constrained\" style=\"margin-top:0;margin-bottom:0;padding-top:0;padding-right:var(--wp--preset--spacing--50);padding-bottom:0;padding-left:var(--wp--preset--spacing--50)\">\n<div class=\"wp-block-group alignfull has-contrast-color has-accent-2-background-color has-text-color has-background has-link-color wp-elements-16124daa02a7c622c29f90cdbf53348f has-global-padding is-layout-constrained wp-container-core-group-is-layout-d5d53815 wp-block-group-is-layout-constrained\" style=\"margin-top:0;margin-bottom:0;padding-top:var(--wp--preset--spacing--30);padding-right:var(--wp--preset--spacing--30);padding-bottom:var(--wp--preset--spacing--30);padding-left:var(--wp--preset--spacing--30)\">\n<div class=\"wp-block-columns alignwide is-layout-flex wp-container-core-columns-is-layout-549b0c86 wp-block-columns-is-layout-flex\">\n<div class=\"wp-block-column has-global-padding is-content-justification-left is-layout-constrained wp-container-core-column-is-layout-4f15e8fe wp-block-column-is-layout-constrained\" style=\"flex-basis:40%\">\n<p class=\"has-large-font-size\">Que vous soyez agence ou annonceur nous vous accompagnons sur vos probl\u00e9matiques de communication corporate<\/p>\n<\/div>\n\n\n\n<div class=\"wp-block-column is-layout-flow wp-container-core-column-is-layout-119bc444 wp-block-column-is-layout-flow\" style=\"flex-basis:60%\">\n<p class=\"has-heading-font-family has-x-large-font-size\" style=\"line-height:1.2\">A qui nous adressons-nous ? <\/p>\n\n\n\n<div class=\"wp-block-columns is-layout-flex wp-container-core-columns-is-layout-87beb0d0 wp-block-columns-is-layout-flex\">\n<div class=\"wp-block-column is-layout-flow wp-block-column-is-layout-flow\">\n<p class=\"has-large-font-size\"><strong>Agences<\/strong> <\/p>\n\n\n\n<p>Vous recherchez des consultants experts des sujets de marques, capable d&rsquo;accompagner vos clients de la r\u00e9alisation d\u2019une strat\u00e9gie, \u00e0 la cr\u00e9ation d\u2019une plateforme de marque jusqu\u2019\u00e0 sa mise en place et son acceptabilit\u00e9 au sein de l\u2019entreprise ?<\/p>\n\n\n\n<p style=\"margin-right:0;margin-left:0\"><strong>C&rsquo;est AL Com qu\u2019il vous  faut ! <\/strong><br>Nous mettons notre exp\u00e9rience en entreprise au service de vos clients pour les accompagner dans leurs probl\u00e9matiques de marque et d\u2019adoption en interne&nbsp;<\/p>\n<\/div>\n\n\n\n<div class=\"wp-block-column is-layout-flow wp-block-column-is-layout-flow\">\n<p class=\"has-large-font-size\"><strong>Annonceurs<\/strong> <\/p>\n\n\n\n<p>Vous avez besoin d\u2019un regard ext\u00e9rieur sur votre marque, d\u2019un benchmark, d\u2019une analyse de votre image et de votre notori\u00e9t\u00e9, de travailler vos contenus et votre storytelling ?\u00a0<\/p>\n\n\n\n<p><strong>C&rsquo;est AL Com qu\u2019il vous  faut ! <\/strong><br>Nous travaillons en co-cr\u00e9ation avec vous pour imaginer ensemble la nouvelle histoire de votre marque et produire les contenus qui la feront vivre<\/p>\n<\/div>\n<\/div>\n<\/div>\n<\/div>\n<\/div>\n<\/div>\n\n\n\n<div class=\"wp-block-group alignwide has-global-padding is-layout-constrained wp-block-group-is-layout-constrained\">\n<div class=\"wp-block-group alignwide is-layout-flow wp-block-group-is-layout-flow\" style=\"padding-top:var(--wp--preset--spacing--20);padding-bottom:var(--wp--preset--spacing--20)\">\n<figure class=\"wp-block-image size-full is-resized\"><img decoding=\"async\" src=\"https:\/\/al-com.fr\/wp-content\/themes\/twentytwentyfour\/assets\/images\/icon-message.webp\" alt=\"\" style=\"width:40px;height:auto\"\/><\/figure>\n\n\n\n<hr class=\"wp-block-separator has-alpha-channel-opacity is-style-wide\"\/>\n\n\n\n<div class=\"wp-block-columns is-layout-flex wp-container-core-columns-is-layout-633352e7 wp-block-columns-is-layout-flex\" style=\"padding-top:var(--wp--preset--spacing--10)\">\n<div class=\"wp-block-column is-layout-flow wp-block-column-is-layout-flow\" style=\"flex-basis:57%\">\n<h2 class=\"wp-block-heading has-x-large-font-size\">Restons en contact.<\/h2>\n<\/div>\n\n\n\n<div class=\"wp-block-column is-layout-flow wp-block-column-is-layout-flow\" style=\"flex-basis:30%\">\n<div class=\"wp-block-group is-vertical is-layout-flex wp-container-core-group-is-layout-ea0cb840 wp-block-group-is-layout-flex\">\n<h3 class=\"wp-block-heading has-body-font-family has-medium-font-size\">Contact<\/h3>\n\n\n\n<p><a href=\"#\">aude.lhoyer@al-com.fr<\/a><\/p>\n<\/div>\n<\/div>\n\n\n\n<div class=\"wp-block-column is-layout-flow wp-block-column-is-layout-flow\" style=\"flex-basis:30%\">\n<div class=\"wp-block-columns is-not-stacked-on-mobile is-layout-flex wp-container-core-columns-is-layout-28f84493 wp-block-columns-is-layout-flex\">\n<div class=\"wp-block-column is-layout-flow wp-block-column-is-layout-flow\">\n<div class=\"wp-block-group is-vertical is-layout-flex wp-container-core-group-is-layout-ea0cb840 wp-block-group-is-layout-flex\">\n<h3 class=\"wp-block-heading has-body-font-family has-medium-font-size\">Suivre<\/h3>\n\n\n\n<p><a href=\"https:\/\/www.linkedin.com\/in\/audelhoyer\/\" target=\"_blank\" rel=\"noopener\">Linkedin<\/a> <\/p>\n<\/div>\n<\/div>\n<\/div>\n<\/div>\n<\/div>\n\n\n\n<div style=\"height:var(--wp--preset--spacing--50)\" aria-hidden=\"true\" class=\"wp-block-spacer\"><\/div>\n\n\n\n<div class=\"wp-block-group is-content-justification-space-between is-layout-flex wp-container-core-group-is-layout-e5edad21 wp-block-group-is-layout-flex\">\n<div class=\"wp-block-group is-layout-flex wp-container-core-group-is-layout-fe1ad1e6 wp-block-group-is-layout-flex\">\n<p class=\"has-small-font-size\">\u00a9<\/p>\n\n\n<p style=\"font-style:normal;font-weight:400;\" class=\"wp-block-site-title has-small-font-size\"><a href=\"https:\/\/al-com.fr\" target=\"_self\" rel=\"home\">AL Com<\/a><\/p><\/div>\n\n\n\n<p class=\"has-small-font-size\"><\/p>\n<\/div>\n<\/div>\n<\/div>\n","protected":false},"excerpt":{"rendered":"<p>Nous vous accompagnons sur tout les aspects de votre communication corporate : du diagnostic au brand content, en passant par votre storytelling et la production des contenus.\u00a0 Diagnostic de marque O\u00f9 en est votre marque ? Comment est-elle per\u00e7ue par vos cibles ? Comment sont communiquent vos concurrents ? Quel est l&rsquo;impact des contenus que [&hellip;]<\/p>\n","protected":false},"author":1,"featured_media":0,"parent":0,"menu_order":0,"comment_status":"closed","ping_status":"closed","template":"","meta":{"footnotes":""},"class_list":["post-31","page","type-page","status-publish","hentry"],"_links":{"self":[{"href":"https:\/\/al-com.fr\/index.php\/wp-json\/wp\/v2\/pages\/31","targetHints":{"allow":["GET"]}}],"collection":[{"href":"https:\/\/al-com.fr\/index.php\/wp-json\/wp\/v2\/pages"}],"about":[{"href":"https:\/\/al-com.fr\/index.php\/wp-json\/wp\/v2\/types\/page"}],"author":[{"embeddable":true,"href":"https:\/\/al-com.fr\/index.php\/wp-json\/wp\/v2\/users\/1"}],"replies":[{"embeddable":true,"href":"https:\/\/al-com.fr\/index.php\/wp-json\/wp\/v2\/comments?post=31"}],"version-history":[{"count":30,"href":"https:\/\/al-com.fr\/index.php\/wp-json\/wp\/v2\/pages\/31\/revisions"}],"predecessor-version":[{"id":291,"href":"https:\/\/al-com.fr\/index.php\/wp-json\/wp\/v2\/pages\/31\/revisions\/291"}],"wp:attachment":[{"href":"https:\/\/al-com.fr\/index.php\/wp-json\/wp\/v2\/media?parent=31"}],"curies":[{"name":"wp","href":"https:\/\/api.w.org\/{rel}","templated":true}]}}

<div class="wp-block-group alignfull has-base-background-color has-background is-layout-flow wp-block-group-is-layout-flow" style="border-style:none;border-width:0px;margin-top:0;margin-bottom:0;padding-top:var(--wp--preset--spacing--40);padding-right:var(--wp--preset--spacing--40);padding-bottom:var(--wp--preset--spacing--40);padding-left:var(--wp--preset--spacing--40)">
<div class="wp-block-group is-layout-flow wp-block-group-is-layout-flow" style="padding-right:var(--wp--preset--spacing--30);padding-left:var(--wp--preset--spacing--30)">
<p class="has-text-align-center has-contrast-color has-text-color has-heading-font-family has-x-large-font-size" style="line-height:1.2">Nous vous accompagnons sur tout les aspects de votre communication corporate : du diagnostic au brand content, en passant par votre storytelling et la production des contenus. </p>
</div>
</div>



<div class="wp-block-group alignfull has-base-2-background-color has-background is-layout-flow wp-block-group-is-layout-flow" style="margin-top:0;margin-bottom:0;padding-top:var(--wp--preset--spacing--30);padding-right:var(--wp--preset--spacing--10);padding-bottom:var(--wp--preset--spacing--30);padding-left:var(--wp--preset--spacing--10)">
<div class="wp-block-group alignwide has-global-padding is-layout-constrained wp-container-core-group-is-layout-19e250f3 wp-block-group-is-layout-constrained">
<div class="wp-block-columns alignwide is-layout-flex wp-container-core-columns-is-layout-36973c26 wp-block-columns-is-layout-flex" style="padding-top:var(--wp--preset--spacing--10);padding-bottom:var(--wp--preset--spacing--10)">
<div class="wp-block-column is-vertically-aligned-center is-layout-flow wp-block-column-is-layout-flow" style="flex-basis:80%">
<h3 class="wp-block-heading is-style-default">Diagnostic de marque </h3>



<p>Où en est votre marque ? Comment est-elle perçue par vos cibles ? Comment sont communiquent vos concurrents ? Quel est l&rsquo;impact des contenus que vous produisez ?<br>Autant de questions auxquelles il est impératif de répondre avant de se lancer</p>



<ul style="line-height:1.75" class="wp-block-list is-style-checkmark-list">
<li>Audit de votre marque et de votre communication</li>



<li>Benchmark de la concurrence</li>



<li>Identification des forces et pain points actuels </li>
</ul>
</div>



<div class="wp-block-column is-vertically-aligned-center is-layout-flow wp-block-column-is-layout-flow" style="flex-basis:50%">
<figure class="wp-block-image size-large is-resized is-style-default"><img loading="lazy" decoding="async" width="1024" height="683" src="https://al-com.fr/wp-content/uploads/2024/04/priscilla-du-preez-tAnrp8P51tY-unsplash-1024x683.jpg" alt="" class="wp-image-231" style="width:385px;height:auto" srcset="https://al-com.fr/wp-content/uploads/2024/04/priscilla-du-preez-tAnrp8P51tY-unsplash-1024x683.jpg 1024w, https://al-com.fr/wp-content/uploads/2024/04/priscilla-du-preez-tAnrp8P51tY-unsplash-300x200.jpg 300w, https://al-com.fr/wp-content/uploads/2024/04/priscilla-du-preez-tAnrp8P51tY-unsplash-768x512.jpg 768w, https://al-com.fr/wp-content/uploads/2024/04/priscilla-du-preez-tAnrp8P51tY-unsplash-1536x1024.jpg 1536w, https://al-com.fr/wp-content/uploads/2024/04/priscilla-du-preez-tAnrp8P51tY-unsplash-2048x1365.jpg 2048w" sizes="auto, (max-width: 1024px) 100vw, 1024px" /></figure>
</div>
</div>



<div class="wp-block-columns alignwide is-layout-flex wp-container-core-columns-is-layout-280f9f69 wp-block-columns-is-layout-flex" style="padding-top:var(--wp--preset--spacing--20);padding-bottom:var(--wp--preset--spacing--20)">
<div class="wp-block-column is-vertically-aligned-center is-layout-flow wp-block-column-is-layout-flow" style="flex-basis:50%">
<figure class="wp-block-image aligncenter size-full is-resized is-style-default"><img loading="lazy" decoding="async" width="2560" height="1707" src="https://al-com.fr/wp-content/uploads/2024/05/brooke-cagle-g1Kr4Ozfoac-unsplash-scaled.jpg" alt="" class="wp-image-255" style="width:385px" srcset="https://al-com.fr/wp-content/uploads/2024/05/brooke-cagle-g1Kr4Ozfoac-unsplash-scaled.jpg 2560w, https://al-com.fr/wp-content/uploads/2024/05/brooke-cagle-g1Kr4Ozfoac-unsplash-300x200.jpg 300w, https://al-com.fr/wp-content/uploads/2024/05/brooke-cagle-g1Kr4Ozfoac-unsplash-1024x683.jpg 1024w, https://al-com.fr/wp-content/uploads/2024/05/brooke-cagle-g1Kr4Ozfoac-unsplash-768x512.jpg 768w, https://al-com.fr/wp-content/uploads/2024/05/brooke-cagle-g1Kr4Ozfoac-unsplash-1536x1024.jpg 1536w, https://al-com.fr/wp-content/uploads/2024/05/brooke-cagle-g1Kr4Ozfoac-unsplash-2048x1365.jpg 2048w" sizes="auto, (max-width: 2560px) 100vw, 2560px" /></figure>
</div>



<div class="wp-block-column is-vertically-aligned-center is-layout-flow wp-block-column-is-layout-flow" style="flex-basis:80%">
<h3 class="wp-block-heading is-style-default">Stratégie de contenus</h3>



<p>Le brand content c&rsquo;est le véhicule pour diffuser votre histoire, pour transmettre vos valeurs et votre vision à toutes vos cibles en créant un lien émotionnel avec eux. </p>



<ul style="margin-right:0;margin-left:0;padding-top:0;padding-bottom:0;line-height:1.75" class="wp-block-list is-style-checkmark-list">
<li>Storytelling</li>



<li>Production de contenus aux formats (textes, photos, vidéos &#8230;) et genres (interview, témoignage, manifeste &#8230;) adaptés à l&rsquo;objectif et aux supports </li>



<li>Ecriture / réécriture des présentations corporate de votre entreprise</li>
</ul>
</div>
</div>
</div>
</div>



<div class="wp-block-group alignfull has-base-color has-base-2-background-color has-text-color has-background has-link-color wp-elements-2303969dd9f1d198baf3bfa1d52a5a2c has-global-padding is-layout-constrained wp-container-core-group-is-layout-cb151cc7 wp-block-group-is-layout-constrained" style="margin-top:0;margin-bottom:0;padding-top:0;padding-right:var(--wp--preset--spacing--50);padding-bottom:0;padding-left:var(--wp--preset--spacing--50)">
<div class="wp-block-group alignfull has-contrast-color has-accent-2-background-color has-text-color has-background has-link-color wp-elements-16124daa02a7c622c29f90cdbf53348f has-global-padding is-layout-constrained wp-container-core-group-is-layout-d5d53815 wp-block-group-is-layout-constrained" style="margin-top:0;margin-bottom:0;padding-top:var(--wp--preset--spacing--30);padding-right:var(--wp--preset--spacing--30);padding-bottom:var(--wp--preset--spacing--30);padding-left:var(--wp--preset--spacing--30)">
<div class="wp-block-columns alignwide is-layout-flex wp-container-core-columns-is-layout-549b0c86 wp-block-columns-is-layout-flex">
<div class="wp-block-column has-global-padding is-content-justification-left is-layout-constrained wp-container-core-column-is-layout-4f15e8fe wp-block-column-is-layout-constrained" style="flex-basis:40%">
<p class="has-large-font-size">Que vous soyez agence ou annonceur nous vous accompagnons sur vos problématiques de communication corporate</p>
</div>



<div class="wp-block-column is-layout-flow wp-container-core-column-is-layout-119bc444 wp-block-column-is-layout-flow" style="flex-basis:60%">
<p class="has-heading-font-family has-x-large-font-size" style="line-height:1.2">A qui nous adressons-nous ? </p>



<div class="wp-block-columns is-layout-flex wp-container-core-columns-is-layout-87beb0d0 wp-block-columns-is-layout-flex">
<div class="wp-block-column is-layout-flow wp-block-column-is-layout-flow">
<p class="has-large-font-size"><strong>Agences</strong> </p>



<p>Vous recherchez des consultants experts des sujets de marques, capable d&rsquo;accompagner vos clients de la réalisation d’une stratégie, à la création d’une plateforme de marque jusqu’à sa mise en place et son acceptabilité au sein de l’entreprise ?</p>



<p style="margin-right:0;margin-left:0"><strong>C&rsquo;est AL Com qu’il vous  faut ! </strong><br>Nous mettons notre expérience en entreprise au service de vos clients pour les accompagner dans leurs problématiques de marque et d’adoption en interne&nbsp;</p>
</div>



<div class="wp-block-column is-layout-flow wp-block-column-is-layout-flow">
<p class="has-large-font-size"><strong>Annonceurs</strong> </p>



<p>Vous avez besoin d’un regard extérieur sur votre marque, d’un benchmark, d’une analyse de votre image et de votre notoriété, de travailler vos contenus et votre storytelling ? </p>



<p><strong>C&rsquo;est AL Com qu’il vous  faut ! </strong><br>Nous travaillons en co-création avec vous pour imaginer ensemble la nouvelle histoire de votre marque et produire les contenus qui la feront vivre</p>
</div>
</div>
</div>
</div>
</div>
</div>



<div class="wp-block-group alignwide has-global-padding is-layout-constrained wp-block-group-is-layout-constrained">
<div class="wp-block-group alignwide is-layout-flow wp-block-group-is-layout-flow" style="padding-top:var(--wp--preset--spacing--20);padding-bottom:var(--wp--preset--spacing--20)">
<figure class="wp-block-image size-full is-resized"><img decoding="async" src="https://al-com.fr/wp-content/themes/twentytwentyfour/assets/images/icon-message.webp" alt="" style="width:40px;height:auto"/></figure>



<hr class="wp-block-separator has-alpha-channel-opacity is-style-wide"/>



<div class="wp-block-columns is-layout-flex wp-container-core-columns-is-layout-633352e7 wp-block-columns-is-layout-flex" style="padding-top:var(--wp--preset--spacing--10)">
<div class="wp-block-column is-layout-flow wp-block-column-is-layout-flow" style="flex-basis:57%">
<h2 class="wp-block-heading has-x-large-font-size">Restons en contact.</h2>
</div>



<div class="wp-block-column is-layout-flow wp-block-column-is-layout-flow" style="flex-basis:30%">
<div class="wp-block-group is-vertical is-layout-flex wp-container-core-group-is-layout-ea0cb840 wp-block-group-is-layout-flex">
<h3 class="wp-block-heading has-body-font-family has-medium-font-size">Contact</h3>



<p><a href="#">aude.lhoyer@al-com.fr</a></p>
</div>
</div>



<div class="wp-block-column is-layout-flow wp-block-column-is-layout-flow" style="flex-basis:30%">
<div class="wp-block-columns is-not-stacked-on-mobile is-layout-flex wp-container-core-columns-is-layout-28f84493 wp-block-columns-is-layout-flex">
<div class="wp-block-column is-layout-flow wp-block-column-is-layout-flow">
<div class="wp-block-group is-vertical is-layout-flex wp-container-core-group-is-layout-ea0cb840 wp-block-group-is-layout-flex">
<h3 class="wp-block-heading has-body-font-family has-medium-font-size">Suivre</h3>



<p><a href="https://www.linkedin.com/in/audelhoyer/" target="_blank" rel="noopener">Linkedin</a> </p>
</div>
</div>
</div>
</div>
</div>



<div style="height:var(--wp--preset--spacing--50)" aria-hidden="true" class="wp-block-spacer"></div>



<div class="wp-block-group is-content-justification-space-between is-layout-flex wp-container-core-group-is-layout-e5edad21 wp-block-group-is-layout-flex">
<div class="wp-block-group is-layout-flex wp-container-core-group-is-layout-fe1ad1e6 wp-block-group-is-layout-flex">
<p class="has-small-font-size">©</p>


<p style="font-style:normal;font-weight:400;" class="wp-block-site-title has-small-font-size"><a href="https://al-com.fr" target="_self" rel="home">AL Com</a></p></div>



<p class="has-small-font-size"></p>
</div>
</div>
</div>

<p>Nous vous accompagnons sur tout les aspects de votre communication corporate : du diagnostic au brand content, en passant par votre storytelling et la production des contenus.  Diagnostic de marque Où en est votre marque ? Comment est-elle perçue par vos cibles ? Comment sont communiquent vos concurrents ? Quel est l&rsquo;impact des contenus que [&hellip;]</p>
